{"id":65,"date":"2019-03-07T17:33:00","date_gmt":"2019-03-07T17:33:00","guid":{"rendered":"https:\/\/lavarie.com.br\/?page_id=65"},"modified":"2019-03-07T17:59:14","modified_gmt":"2019-03-07T17:59:14","slug":"cotacoes","status":"publish","type":"page","link":"https:\/\/lavarie.com.br\/limpeza-de-sofa-em-londrina\/cotacoes\/","title":{"rendered":"Cota\u00e7\u00f5es"},"content":{"rendered":"\n\t<p><strong>Fa\u00e7a uma cota\u00e7\u00e3o conosco!<\/strong><\/p>\n<p>Envie a foto de seu sof\u00e1, colch\u00e3o, banco de carro, tapete ou estofado para n\u00f3s!<\/p>\n<p>Pe\u00e7a uma cota\u00e7\u00e3o e n\u00e3o se arrepender\u00e3o!<\/p>\n\t\t\t\t<a href=\"https:\/\/api.whatsapp.com\/send?phone=5543996941627&#038;text=Ol\u00e1%20amigo!%20Gostaria%20de%20fazer%20uma%20cota\u00e7\u00e3o%20com%20voc\u00ea!\" target=\"_self\" itemprop=\"url\" rel=\"noopener noreferrer\">\n\t\t\t\t<img loading=\"lazy\" decoding=\"async\" src=\"https:\/\/lavarie.com.br\/wp-content\/uploads\/2019\/03\/telefone-limpeza-de-sofa-em-londrina.jpg\" alt=\"telefone limpeza de sofa em londrina\" itemprop=\"image\" height=\"76\" width=\"406\" title=\"telefone limpeza de sofa em londrina\" onerror=\"this.style.display='none'\"  \/>\n\t\t\t\t<\/a>\n","protected":false},"excerpt":{"rendered":"<p>Fa\u00e7a uma cota\u00e7\u00e3o conosco! Envie a foto de seu sof\u00e1, colch\u00e3o, banco de carro, tapete ou estofado para n\u00f3s! Pe\u00e7a uma cota\u00e7\u00e3o e n\u00e3o se arrepender\u00e3o!<\/p>\n","protected":false},"author":1,"featured_media":0,"parent":0,"menu_order":0,"comment_status":"closed","ping_status":"closed","template":"","meta":{"_monsterinsights_skip_tracking":false,"_monsterinsights_sitenote_active":false,"_monsterinsights_sitenote_note":"","_monsterinsights_sitenote_category":0,"footnotes":""},"class_list":["post-65","page","type-page","status-publish","czr-hentry"],"_links":{"self":[{"href":"https:\/\/lavarie.com.br\/limpeza-de-sofa-em-londrina\/wp-json\/wp\/v2\/pages\/65","targetHints":{"allow":["GET"]}}],"collection":[{"href":"https:\/\/lavarie.com.br\/limpeza-de-sofa-em-londrina\/wp-json\/wp\/v2\/pages"}],"about":[{"href":"https:\/\/lavarie.com.br\/limpeza-de-sofa-em-londrina\/wp-json\/wp\/v2\/types\/page"}],"author":[{"embeddable":true,"href":"https:\/\/lavarie.com.br\/limpeza-de-sofa-em-londrina\/wp-json\/wp\/v2\/users\/1"}],"replies":[{"embeddable":true,"href":"https:\/\/lavarie.com.br\/limpeza-de-sofa-em-londrina\/wp-json\/wp\/v2\/comments?post=65"}],"version-history":[{"count":12,"href":"https:\/\/lavarie.com.br\/limpeza-de-sofa-em-londrina\/wp-json\/wp\/v2\/pages\/65\/revisions"}],"predecessor-version":[{"id":80,"href":"https:\/\/lavarie.com.br\/limpeza-de-sofa-em-londrina\/wp-json\/wp\/v2\/pages\/65\/revisions\/80"}],"wp:attachment":[{"href":"https:\/\/lavarie.com.br\/limpeza-de-sofa-em-londrina\/wp-json\/wp\/v2\/media?parent=65"}],"curies":[{"name":"wp","href":"https:\/\/api.w.org\/{rel}","templated":true}]}}